{"id":2,"date":"2016-05-10T03:48:21","date_gmt":"2016-05-10T03:48:21","guid":{"rendered":"http:\/\/kkb-container.de\/?page_id=2"},"modified":"2021-01-01T10:46:26","modified_gmt":"2021-01-01T10:46:26","slug":"sample-page","status":"publish","type":"page","link":"https:\/\/kkb-container.de\/?page_id=2","title":{"rendered":"Impressum"},"content":{"rendered":"<p>KKB Container GmbH<\/p>\n<p>Zum Torfmoor 17<br \/>\nD-21423 Winsen \/ Luhe<br \/>\nTelefon Martin Kramp : +49 (0) 4171-6928800<br \/>\nTelefon Leif Meyer : +49 (0) 4171-6928802<br \/>\nTelefax : +49 (0) 4171-6928801<br \/>\nMobil: +49 (0) 1522-7546363<br \/>\nE-Mail: info@kkb-container.de<br \/>\nInternet: http:\/\/www.kkb-container.de<\/p>\n<p>Finanzamt Winsen ( Luhe )\u00a0\u00a0 &#8211;\u00a0 Ust-IdNr.: DE333451574\u00a0\u00a0\u00a0 &#8211;\u00a0\u00a0\u00a0\u00a0\u00a0 StNr.: 50\/200\/10118\u00a0\u00a0 &#8211;\u00a0 Gerichtstand L\u00fcneburg: HRB 208891<\/p>\n<p>Gesch\u00e4ftsf\u00fchrer: Martin Kramp, Leif Patrick Meyer<\/p>\n<p>Wir arbeiten ausschlie\u00dflich auf Grundlage der Allgemeinen Deutschen Spediteurbedingungen (ADSp), jeweils neueste Fassung. Diese beschr\u00e4nken in Ziffer 23 ADSp die gesetzliche Haftung f\u00fcr G\u00fctersch\u00e4den nach \u00a7 431 HGB f\u00fcr Sch\u00e4den in speditionellem Gewahrsam auf 5\u20ac\/kg, bei multimodalen Transporten unter Einschluss einer Seebef\u00f6rderung auf 2 Sonderziehungsrechte (SZR) per kg, sowie dar\u00fcber hinaus auf je Schadenfall- bzw. Schadenereignis auf 1 Mio. bzw. 2 Mio. \u20ac oder 2 SZR\/kg, je nachdem, welcher Betrag h\u00f6her ist.<\/p>\n","protected":false},"excerpt":{"rendered":"<p>KKB Container GmbH Zum Torfmoor 17 D-21423 Winsen \/ Luhe Telefon Martin Kramp : +49 (0) 4171-6928800 Telefon Leif Meyer : +49 (0) 4171-6928802 Telefax : +49 (0) 4171-6928801 Mobil: +49 (0) 1522-7546363 E-Mail: info@kkb-container.de Internet: http:\/\/www.kkb-container.de Finanzamt Winsen ( Luhe )\u00a0\u00a0 &#8211;\u00a0 Ust-IdNr.: DE333451574\u00a0\u00a0\u00a0 &#8211;\u00a0\u00a0\u00a0\u00a0\u00a0 StNr.: 50\/200\/10118\u00a0\u00a0 &#8211;\u00a0 Gerichtstand L\u00fcneburg: HRB 208891 Gesch\u00e4ftsf\u00fchrer: Martin &hellip; <\/p>\n<p class=\"link-more\"><a href=\"https:\/\/kkb-container.de\/?page_id=2\" class=\"more-link\"><span class=\"screen-reader-text\">&#8222;Impressum&#8220;<\/span> weiterlesen<\/a><\/p>\n","protected":false},"author":1,"featured_media":0,"parent":0,"menu_order":0,"comment_status":"closed","ping_status":"open","template":"","meta":[],"_links":{"self":[{"href":"https:\/\/kkb-container.de\/index.php?rest_route=\/wp\/v2\/pages\/2"}],"collection":[{"href":"https:\/\/kkb-container.de\/index.php?rest_route=\/wp\/v2\/pages"}],"about":[{"href":"https:\/\/kkb-container.de\/index.php?rest_route=\/wp\/v2\/types\/page"}],"author":[{"embeddable":true,"href":"https:\/\/kkb-container.de\/index.php?rest_route=\/wp\/v2\/users\/1"}],"replies":[{"embeddable":true,"href":"https:\/\/kkb-container.de\/index.php?rest_route=%2Fwp%2Fv2%2Fcomments&post=2"}],"version-history":[{"count":11,"href":"https:\/\/kkb-container.de\/index.php?rest_route=\/wp\/v2\/pages\/2\/revisions"}],"predecessor-version":[{"id":108,"href":"https:\/\/kkb-container.de\/index.php?rest_route=\/wp\/v2\/pages\/2\/revisions\/108"}],"wp:attachment":[{"href":"https:\/\/kkb-container.de\/index.php?rest_route=%2Fwp%2Fv2%2Fmedia&parent=2"}],"curies":[{"name":"wp","href":"https:\/\/api.w.org\/{rel}","templated":true}]}}