{"id":65,"date":"2021-01-01T10:01:57","date_gmt":"2021-01-01T10:01:57","guid":{"rendered":"http:\/\/kkb-container.de\/?page_id=65"},"modified":"2021-01-01T10:26:56","modified_gmt":"2021-01-01T10:26:56","slug":"test","status":"publish","type":"page","link":"https:\/\/kkb-container.de\/?page_id=65","title":{"rendered":"\u00fcber uns"},"content":{"rendered":"<p><img loading=\"lazy\" class=\"wp-image-68 alignright\" src=\"http:\/\/kkb-container.de\/wp-content\/uploads\/2021\/01\/KKBLogo_gruen-300x212.jpg\" alt=\"\" width=\"160\" height=\"113\" srcset=\"https:\/\/kkb-container.de\/wp-content\/uploads\/2021\/01\/KKBLogo_gruen-300x212.jpg 300w, https:\/\/kkb-container.de\/wp-content\/uploads\/2021\/01\/KKBLogo_gruen-768x543.jpg 768w, https:\/\/kkb-container.de\/wp-content\/uploads\/2021\/01\/KKBLogo_gruen-1024x724.jpg 1024w, https:\/\/kkb-container.de\/wp-content\/uploads\/2021\/01\/KKBLogo_gruen.jpg 1276w\" sizes=\"(max-width: 160px) 100vw, 160px\" \/><img loading=\"lazy\" class=\"alignleft wp-image-71 size-medium\" src=\"http:\/\/kkb-container.de\/wp-content\/uploads\/2021\/01\/KKB-Team--300x225.jpg\" alt=\"\" width=\"300\" height=\"225\" srcset=\"https:\/\/kkb-container.de\/wp-content\/uploads\/2021\/01\/KKB-Team--300x225.jpg 300w, https:\/\/kkb-container.de\/wp-content\/uploads\/2021\/01\/KKB-Team--768x576.jpg 768w, https:\/\/kkb-container.de\/wp-content\/uploads\/2021\/01\/KKB-Team--1024x768.jpg 1024w, https:\/\/kkb-container.de\/wp-content\/uploads\/2021\/01\/KKB-Team-.jpg 1600w\" sizes=\"(max-width: 300px) 100vw, 300px\" \/><\/p>\n<p>&nbsp;<\/p>\n<p>&nbsp;<\/p>\n<p>&nbsp;<\/p>\n<p>&nbsp;<\/p>\n<p>&nbsp;<\/p>\n<p>Mitteilung \u00fcber die Umfirmierung in eine GmbH<\/p>\n<p>Sehr geehrte Damen und Herren,<br \/>\nwir setzen Sie dar\u00fcber in Kenntnis, dass unsere Firma umfirmiert<br \/>\nwird. Das Ihnen als Martin Kramp Speditionsdienstleistungen und Transportservice<br \/>\nbekannte Unternehmen wird zum 01.01.2021 in die<br \/>\nKKB-Container GmbH umfirmiert.<\/p>\n<p>S\u00e4mtliche allgemeine Gesch\u00e4ftsbedingungen bleiben<br \/>\nweiterhin unver\u00e4ndert bestehen.<\/p>\n<p>Wir bitten Sie die neue Firmierung ab dem 01.01.2021 in unserer<br \/>\nGesch\u00e4ftskorrespondenz zu verwenden<br \/>\nund in Ihrem System anzupassen.<br \/>\nIn diesem Zuge m\u00f6chten wir uns auch f\u00fcr das<br \/>\nentgegengebrachte Vertrauen<br \/>\nbedanken und freuen uns auf die weitere Zusammenarbeit.<br \/>\nBei R\u00fcckfragen stehen wir selbstverst\u00e4ndlich gerne zur Verf\u00fcgung.<\/p>\n<p><img loading=\"lazy\" class=\"alignnone wp-image-77 size-thumbnail\" src=\"http:\/\/kkb-container.de\/wp-content\/uploads\/2021\/01\/kkbLG-AE-7000-Holzladen-150x150.jpeg\" alt=\"\" width=\"150\" height=\"150\" srcset=\"https:\/\/kkb-container.de\/wp-content\/uploads\/2021\/01\/kkbLG-AE-7000-Holzladen-150x150.jpeg 150w, https:\/\/kkb-container.de\/wp-content\/uploads\/2021\/01\/kkbLG-AE-7000-Holzladen-100x100.jpeg 100w\" sizes=\"(max-width: 150px) 100vw, 150px\" \/>\u00a0<img loading=\"lazy\" class=\"alignnone wp-image-82 size-thumbnail\" src=\"http:\/\/kkb-container.de\/wp-content\/uploads\/2021\/01\/kkbWL-KK-8011-mit-LG-AE-6000..-150x150.jpeg\" alt=\"\" width=\"150\" height=\"150\" srcset=\"https:\/\/kkb-container.de\/wp-content\/uploads\/2021\/01\/kkbWL-KK-8011-mit-LG-AE-6000..-150x150.jpeg 150w, https:\/\/kkb-container.de\/wp-content\/uploads\/2021\/01\/kkbWL-KK-8011-mit-LG-AE-6000..-100x100.jpeg 100w\" sizes=\"(max-width: 150px) 100vw, 150px\" \/>\u00a0<img loading=\"lazy\" class=\"alignnone wp-image-79 size-thumbnail\" src=\"http:\/\/kkb-container.de\/wp-content\/uploads\/2021\/01\/kkbWL-JP-484-150x150.jpg\" alt=\"\" width=\"150\" height=\"150\" srcset=\"https:\/\/kkb-container.de\/wp-content\/uploads\/2021\/01\/kkbWL-JP-484-150x150.jpg 150w, https:\/\/kkb-container.de\/wp-content\/uploads\/2021\/01\/kkbWL-JP-484-100x100.jpg 100w\" sizes=\"(max-width: 150px) 100vw, 150px\" \/><\/p>\n<p><img loading=\"lazy\" class=\"wp-image-80 size-thumbnail alignnone\" src=\"http:\/\/kkb-container.de\/wp-content\/uploads\/2021\/01\/kkbWL-KK-8010-150x150.jpg\" alt=\"\" width=\"150\" height=\"150\" srcset=\"https:\/\/kkb-container.de\/wp-content\/uploads\/2021\/01\/kkbWL-KK-8010-150x150.jpg 150w, https:\/\/kkb-container.de\/wp-content\/uploads\/2021\/01\/kkbWL-KK-8010-100x100.jpg 100w\" sizes=\"(max-width: 150px) 100vw, 150px\" \/>\u00a0<img loading=\"lazy\" class=\"wp-image-78 size-thumbnail alignnone\" src=\"http:\/\/kkb-container.de\/wp-content\/uploads\/2021\/01\/kkbWL-JP-484-von-vorne-150x150.jpg\" alt=\"\" width=\"150\" height=\"150\" srcset=\"https:\/\/kkb-container.de\/wp-content\/uploads\/2021\/01\/kkbWL-JP-484-von-vorne-150x150.jpg 150w, https:\/\/kkb-container.de\/wp-content\/uploads\/2021\/01\/kkbWL-JP-484-von-vorne-100x100.jpg 100w\" sizes=\"(max-width: 150px) 100vw, 150px\" \/>\u00a0<img loading=\"lazy\" class=\"alignnone wp-image-81 size-thumbnail\" src=\"http:\/\/kkb-container.de\/wp-content\/uploads\/2021\/01\/kkbWL-KK-8011-Hafen-150x150.jpeg\" alt=\"\" width=\"150\" height=\"150\" srcset=\"https:\/\/kkb-container.de\/wp-content\/uploads\/2021\/01\/kkbWL-KK-8011-Hafen-150x150.jpeg 150w, https:\/\/kkb-container.de\/wp-content\/uploads\/2021\/01\/kkbWL-KK-8011-Hafen-100x100.jpeg 100w\" sizes=\"(max-width: 150px) 100vw, 150px\" \/><\/p>\n","protected":false},"excerpt":{"rendered":"<p>&nbsp; &nbsp; &nbsp; &nbsp; &nbsp; Mitteilung \u00fcber die Umfirmierung in eine GmbH Sehr geehrte Damen und Herren, wir setzen Sie dar\u00fcber in Kenntnis, dass unsere Firma umfirmiert wird. Das Ihnen als Martin Kramp Speditionsdienstleistungen und Transportservice bekannte Unternehmen wird zum 01.01.2021 in die KKB-Container GmbH umfirmiert. S\u00e4mtliche allgemeine Gesch\u00e4ftsbedingungen bleiben weiterhin unver\u00e4ndert bestehen. Wir bitten &hellip; <\/p>\n<p class=\"link-more\"><a href=\"https:\/\/kkb-container.de\/?page_id=65\" class=\"more-link\"><span class=\"screen-reader-text\">&#8222;\u00fcber uns&#8220;<\/span> weiterlesen<\/a><\/p>\n","protected":false},"author":1,"featured_media":0,"parent":0,"menu_order":0,"comment_status":"closed","ping_status":"closed","template":"","meta":[],"_links":{"self":[{"href":"https:\/\/kkb-container.de\/index.php?rest_route=\/wp\/v2\/pages\/65"}],"collection":[{"href":"https:\/\/kkb-container.de\/index.php?rest_route=\/wp\/v2\/pages"}],"about":[{"href":"https:\/\/kkb-container.de\/index.php?rest_route=\/wp\/v2\/types\/page"}],"author":[{"embeddable":true,"href":"https:\/\/kkb-container.de\/index.php?rest_route=\/wp\/v2\/users\/1"}],"replies":[{"embeddable":true,"href":"https:\/\/kkb-container.de\/index.php?rest_route=%2Fwp%2Fv2%2Fcomments&post=65"}],"version-history":[{"count":19,"href":"https:\/\/kkb-container.de\/index.php?rest_route=\/wp\/v2\/pages\/65\/revisions"}],"predecessor-version":[{"id":94,"href":"https:\/\/kkb-container.de\/index.php?rest_route=\/wp\/v2\/pages\/65\/revisions\/94"}],"wp:attachment":[{"href":"https:\/\/kkb-container.de\/index.php?rest_route=%2Fwp%2Fv2%2Fmedia&parent=65"}],"curies":[{"name":"wp","href":"https:\/\/api.w.org\/{rel}","templated":true}]}}